t of w?
5
Let v(g) = -g**3 - 11*g**2 + 12*g - 1. Let r = 11 + -23. Let b be v(r). Let a(s) = -19*s**3 - s**2. What is the tens digit of a(b)?
1
Let w = -16 - 56. Let l = 140 + w. What is the units digit of l?
8
Suppose -6*s = 12 - 126. Let l = s + 31. What is the units digit of l?
0
Let f(l) = -l - 6. Let b be f(-8). Suppose -2*j + 49 = 3*z, -5*j = b*z + z - 100. What is the tens digit of j?
1
Suppose -7 = -3*p - 1, -3*p + 4864 = 2*b. What is the thousands digit of b?
2
Let b(n) = -n + 13. Suppose -m = -6*m + 5*k - 60, m + 3*k + 16 = 0. Let o = m - -4. What is the units digit of b(o)?
2
Let v be 4*((-60)/16 - -4). Let r be ((-29)/(-3))/(v/3). Let n = r + 5. What is the tens digit of n?
3
Suppose 0 = -2*v - 5*t + 755, 248 = v + 5*t - 132. Suppose -4*k - 5*z = -300, v = 5*k - 8*z + 3*z. What is the units digit of k?
5
Let w(c) = 27*c - 37 + 21 + 12. What is the hundreds digit of w(4)?
1
Let u(v) = 42*v - 22. What is the hundreds digit of u(4)?
1
Let p(m) = m**3 + 16. Let a be p(0). Suppose 0 = 3*n - 2 - a. What is the units digit of 18*3/n*3?
7
Suppose -10*p + 6*p = 152. Let g = 73 + p. Let w = g + 11. What is the tens digit of w?
4
Let j = -15 + 19. Let s(k) = 5*k - 12. Let v be s(j). Let m = 33 - v. What is the tens digit of m?
2
Let s(j) = -j**3 + j**2 + 2*j + 1398. What is the tens digit of s(0)?
9
What is the tens digit of 713 - -1 - (4 - 2/2)?
1
Let c = -37 + 22. What is the units digit of 2 + -1 - (c - 48)?
4
Suppose -2*t - 3334 = -2*o - 6*t, -2*o = 5*t - 3334. What is the tens digit of o?
6
Let d be (2/(-4))/(1/16). Suppose -3*n = -4*b - 92, -6*n + 3*n = 5*b + 115. Let m = d - b. What is the units digit of m?
5
Suppose 0 = 60*v - 62*v, 0 = -4*j + 5*v + 3648. What is the units digit of j?
2
Let d = 11 - 6. What is the hundreds digit of (d/(-3) - 8/24) + 140?
1
Let g(v) = -5*v - 27. Let k be g(-8). Let w = 139 + k. What is the tens digit of w?
5
Let p(y) = y**3 + y**2 - y + 1. Let z be p(1). Let m(g) = 5*g + 138. Let o be m(-26). Suppose -z*t = -t - o. What is the units digit of t?
8
Let x = -1304 - -1305. What is the units digit of x?
1
What is the tens digit of ((-506)/(-10) + 1)/((-82)/(-615))?
8
What is the tens digit of (-2)/((-44)/17714) - 46/253?
0
Suppose -5*v = -4*o - 232, 14*v + 5*o = 11*v + 117. Let h = 9 - 6. Suppose v = -t + h*t. What is the tens digit of t?
2
Suppose -2 = -2*a + 218. Suppose -4*z + 9*z = a. Let w = 19 + z. What is the units digit of w?
1
Let w = 73 - 32. Suppose 0 = 5*f - 2*m - 342, -2*f - 5*m - w = -172. What is the units digit of f?
8
Suppose 7*f = 2327 + 298. Let t = 616 - f. What is the units digit of t?
1
Let q(h) = -34*h + 2 + 32*h + h**3 + 5*h**2 + 0*h**3. Let j be 60/(-16) - 1/4. What is the units digit of q(j)?
6
Let n be (-6)/(-4)*(-18)/(-27). Let a be n + 1 + -3 - -3. Suppose 40 = 4*m - q - a*q, -2*m = -2*q - 18. What is the tens digit of m?
1
Let i(r) = 3*r**2 - 5*r + 4. Let b(j) = j**2. Let s(z) = -4*b(z) + i(z). What is the units digit of s(-5)?
4
Let y be 12/(42/18 + 2/(-6)). Suppose -3*j + 21 = 4*k, -j + 5*j = 3*k + 3. Suppose s - y = -k. What is the units digit of s?
3
Let h(o) = 2*o + 6. Let y = 19 - 5. Let s be h(y). Let t = 3 + s. What is the tens digit of t?
3
Let x = -2786 + 3941. What is the thousands digit of x?
1
Let x = -26 + 10. Let r be 8/x*(-1 + 1). Suppose 145 = 5*t - r*t. What is the tens digit of t?
2
Let b(i) = 7*i + 44. What is the units digit of b(42)?
8
Let o(i) = i**3 + 6*i**2 - i - 2. Let k be o(-6). Suppose -17 = -k*t - 1. Suppose 0 = -5*b + t*n + 83, 2*b + 4*n - 22 = -0*b. What is the units digit of b?
5
What is the units digit of 2/5*(-60170)/(-44)?
7
Suppose 2*x = -6*x. Let u(k) = 2*k + 177. What is the tens digit of u(x)?
7
Suppose -3190 = -43*s + 32*s. What is the hundreds digit of s?
2
Suppose 0 = 3*n - 9, 3*n - 5*n = -i + 4780. What is the hundreds digit of i?
7
Suppose -16 = -4*n - 4, -221 = -2*p - 5*n. Suppose p = 3*t - 122. What is the units digit of t?
5
Suppose 3*r = 2*w - 2*r - 11, -28 = -w - 5*r. Let x(v) = v - 1 + w*v**2 - 1 - 1 + 0*v. What is the tens digit of x(2)?
5
Let p = 77 - 99. Let y(b) = 33*b - 2. Let c be y(1). Let f = p + c. What is the units digit of f?
9
Let l(z) = 31*z - 492. What is the units digit of l(19)?
7
Suppose 0 = -2*l + 555 + 1123. What is the tens digit of l?
3
Suppose 17*y = -3*a + 13*y + 3339, a - y = 1120. What is the thousands digit of a?
1
Let h = 2298 + -1386. What is the tens digit of h?
1
Let t = 17 + -9. Suppose 3*d - t*d + 600 = 0. What is the units digit of d?
0
Suppose 5*g = 640 + 265. Suppose -4*f - 3*b + 54 = -g, 2*b = 3*f - 189. What is the tens digit of f?
6
Let g(h) = 3*h. Let n be g(-2). Let v(r) = -r**3 - 7*r + 1. What is the units digit of v(n)?
9
Let u = 25 + -28. What is the units digit of (-12 + -1)/(1/u)?
9
Let p(z) = z**3 + 7*z**2 - 7*z + 11. Let o be p(-8). Let g = o - -1. What is the units digit of (-9)/(-12)*g + 23?
6
Suppose -3*k = t - 15, t + 4*k = 6*t - 18. Suppose t*w - 573 - 21 = 0. What is the tens digit of w?
9
Let w(f) = 6*f - 8*f**3 + 7*f - 14*f - 2. What is the units digit of w(-1)?
7
What is the tens digit of (566 - -7)*(-1 + 2)?
7
Suppose 5*q + f - 17 = -2*f, -5 = 5*f. Let i be 2/(-7) + (-1656)/(-504). Suppose i*n + 69 = q*n. What is the units digit of n?
9
Let z = -32 + 36. Suppose -x = z*x - 305. What is the tens digit of x?
6
Let m = -45 + 85. Suppose 0 = -3*b - 9, -5*b = -0*x - 2*x - 23. Let w = m + x. What is the tens digit of w?
2
Suppose 3*k - 2667 = -32*y + 30*y, -4*y + 5336 = 4*k. What is the thousands digit of y?
1
Let r(k) = k**2 + 3*k + 2. Let g be r(-3). Suppose -2*q - g*o = 3*q - 146, 0 = q - 4*o - 38. What is the units digit of q?
0
Suppose a = -4*i + 735, 3*i + a - 553 = 2*a. Let h = i - 72. What is the tens digit of h?
1
Let h = 1235 + -624. Suppose -4*l + 621 = d - 0*d, -h = -4*l + d. What is the units digit of l?
4
Let k be (36/(-2))/((-3)/2). Suppose 2*j + 5*l = -25, 0 = -2*l + 7 - 17. Suppose j = -q + 18 + k. What is the units digit of q?
0
Let y = -29 - -31. Suppose -y*r - 6 = -0*r, -w = -4*r - 205. What is the hundreds digit of w?
1
Suppose -3*x - x + h + 57 = 0, x + 2 = -3*h. Let f be (x + -10)/(6/304). Suppose 3*o - 7*o + f = 0. What is the tens digit of o?
3
Let m(j) = j**3 + 6*j**2 - 4*j + 4. Let z be m(-6). What is the units digit of 25*(0 - z/(-10))?
0
Let b be (-62)/(1/(-2 + (-9)/(-3))). Let x = -49 - b. What is the units digit of x?
3
Let x(q) = 6*q**2 - 10*q - 7. Let h(g) = 5*g**2 - 9*g - 7. Let u(t) = -5*h(t) + 4*x(t). Let j be u(6). What is the tens digit of (-30)/(-3)*j + 3?
1
Let o(q) = 2*q**2 + 5*q - 4. Let w be o(9). Let b = -118 + w. What is the units digit of b?
5
Suppose 3*p + 5*j = 24, p - 10 = 3*j - 2. Suppose -5*s = p + 552. What is the units digit of s/(-12) + (-1)/3?
9
Suppose 4*h + 5 = -3*n, -5*h - 5*n - 9 = 1. Let o be (h/(-3))/((-11)/(-3201)). Let l = -66 - o. What is the units digit of l?
1
Suppose 0 = -2*d + 3*p + 5, -2*d + d + 2*p = -4. Suppose 90 = 4*n + 94. What is the tens digit of d/n + (74 - 17)?
5
Suppose 47 = 4*o + 5*x, -o = -0*x - 3*x - 33. Let v be (-4)/(-14) - (-35)/49. Let l = o - v. What is the tens digit of l?
1
Suppose 5*h + 6 = -3*s + 15, -4*h = 0. Suppose -s*o + 8*o = 0. Suppose -5*b = -q + 6*q - 55, 3*b - q - 53 = o. What is the units digit of b?
6
Let w be (-94)/(-18) - (-2)/(-9). Suppose 0 = 2*x - 5*s - 0*s - 33, 0 = 2*x + w*s - 63. What is the units digit of x?
4
Let t be (7/(-3))/((-4)/(-24)). Let x = t + 16. Suppose 0 = -x*p - p + 24. What is the units digit of p?
8
Suppose -3*z = -6*z + 30. Let f = z + 2. Suppose 5*m - 54 = -3*j - 7, 0 = 3*j - f. What is the units digit of m?
7
Let k(l) = 3*l**2 - 14*l - 20. Let c(p) = 5*p**2 - 29*p - 39. Let o(u) = 4*c(u) - 7*k(u). What is the tens digit of o(-14)?
4
Suppose 0*c + 2466 = 9*c. Suppose d - c = -d. What is the tens digit of d?
3
What is the hundreds digit of (-5)/10*-5*320?
8
Let v = 12 - 12. Let w(f) = f + 3. Let n be w(v). What is the units digit of n + 6/2 + 4?
0
Suppose -32*z = -36*z + 1320. What is the units digit of z?
0
Suppose -5*w + 4*v - 5 = -14, 5*v = 4*w. Suppose 5*m - 2*l - 2*l = 476, w*m - 440 = -5*l. What is the tens digit of m?
9
Let x be 2/3 + (-10)/6 + 4. What is the units digit of -3 + x + 1 + 0?
1
Let q be 91/5 + 1/(-5). Suppose -5*x - 32 = q. Wh